{"id":209,"date":"2023-03-13T12:03:17","date_gmt":"2023-03-13T12:03:17","guid":{"rendered":"https:\/\/zlocinikazan.rs\/?page_id=209"},"modified":"2023-04-10T06:41:12","modified_gmt":"2023-04-10T06:41:12","slug":"%d0%be-%d0%bd%d0%b0%d0%bc%d0%b0","status":"publish","type":"page","link":"https:\/\/zlocinikazan.rs\/lat\/%d0%be-%d0%bd%d0%b0%d0%bc%d0%b0\/","title":{"rendered":"O nama"},"content":{"rendered":"<p><strong>Znate kako to ide. Neki mu\u0161karci vole da rastave tehniku po ku\u0107i i da je ponovo sastave. Da bi videli kako mehanizam<br \/>\nfunkcioni\u0161e. Ne\u0161to sli\u010dno smo i mi re\u0161ili da uradimo. Jedino \u0161to nismo rasklapali usisiva\u010d ili kompjuter, nego d\u017ein tonik.<\/strong><\/p>\n<p>Ili d\u017ein sodu, sve smo to rastavili na sitne deli\u0107e i ponovo napravili. Ina\u010de da, ispostavilo se da je d\u017ein soda novo<br \/>\nomiljeno pi\u0107e svih koji je probaju, jer realno ne dobije\u0161 \u0161e\u0107erni napad nakon dve \u010da\u0161e, kao \u0161to je slu\u010daj sa tonikom.<\/p>\n<p>Mi smo bili grupa prijatelja. Sada smo grupa prijatelja koja ima destileriju<br \/>\nVi mislite da mi u njoj pravimo d\u017ein. Ali mi u njoj ne pravimo d\u017ein, mi u njoj igramo tu igru stvaranja ne\u010dega od nule.<\/p>\n<p>Taj ples ideja, rada, radosti i napora. Na\u0161a je \u017eelja da napravimo pri\u010du koju \u0107emo pri\u010dati sa ponosom.<br \/>\nA ako uz to nekome od vas ulep\u0161amo trenutak, dan ili \u017eivot na\u0161im proizvodima, onda smo postigli sve \u0161to smo ikada hteli.<\/p>\n<p><img loading=\"lazy\" decoding=\"async\" class=\"alignnone wp-image-63\" src=\"https:\/\/zlocinikazan.rs\/wp-content\/uploads\/2023\/03\/Image-18@2x-300x169.png\" alt=\"\" width=\"424\" height=\"239\" srcset=\"https:\/\/zlocinikazan.rs\/wp-content\/uploads\/2023\/03\/Image-18@2x-300x169.png 300w, https:\/\/zlocinikazan.rs\/wp-content\/uploads\/2023\/03\/Image-18@2x-600x338.png 600w, https:\/\/zlocinikazan.rs\/wp-content\/uploads\/2023\/03\/Image-18@2x-1024x577.png 1024w, https:\/\/zlocinikazan.rs\/wp-content\/uploads\/2023\/03\/Image-18@2x-768x432.png 768w, https:\/\/zlocinikazan.rs\/wp-content\/uploads\/2023\/03\/Image-18@2x.png 1506w\" sizes=\"auto, (max-width: 424px) 100vw, 424px\" \/><img loading=\"lazy\" decoding=\"async\" class=\"alignnone wp-image-62\" src=\"https:\/\/zlocinikazan.rs\/wp-content\/uploads\/2023\/03\/Image-17@2x-300x169.png\" alt=\"\" width=\"422\" height=\"238\" srcset=\"https:\/\/zlocinikazan.rs\/wp-content\/uploads\/2023\/03\/Image-17@2x-300x169.png 300w, https:\/\/zlocinikazan.rs\/wp-content\/uploads\/2023\/03\/Image-17@2x-600x338.png 600w, https:\/\/zlocinikazan.rs\/wp-content\/uploads\/2023\/03\/Image-17@2x-1024x577.png 1024w, https:\/\/zlocinikazan.rs\/wp-content\/uploads\/2023\/03\/Image-17@2x-768x432.png 768w, https:\/\/zlocinikazan.rs\/wp-content\/uploads\/2023\/03\/Image-17@2x.png 1506w\" sizes=\"auto, (max-width: 422px) 100vw, 422px\" \/><\/p>\n<p>Kleka se zajedno sa alkoholom kupa u buretu danima i nedeljama sa jo\u0161 nekim drugim vo\u0107em, za\u010dinima, i \u010dime god \u017eelite i<br \/>\ndeluje vam da bi dobro i\u0161lo zajedno. Kad odstoji dovoljno dugo, onde pe\u010dete. Onda, ako ne odletite u vazduh i ne potrujete<br \/>\nse od ja\u010dine alkohola koji iza\u0111e, imate d\u017ein. Naravno, uprostio sam do maksimuma proces, jer ipak nije sad ba\u0161 da \u017eelimo<br \/>\nda odajemo svoje recepte, svaki kuvar ima svoje male tajne.<\/p>\n<p>Dolazi lepo vreme, a i period zatvaranja i lockdowna je iza nas (nadamo se) \u0161to bi zna\u010dilo da sad imamo pi\u0107e koje odli\u010dno<br \/>\nle\u017ei u predstoje\u0107im danima. Ne znam kako drugi mu\u0161karci u svojim tridesetim planiraju svoje slobodno vreme i vikende.<br \/>\nMo\u017eda idu na fudbal ili basket. Iako nas ima dovoljno za sport u ekipi, tu negde izme\u0111u deset i sto \u0161ezdeset, ne bi to<br \/>\nbila dobra partija fudbala, niti imamo kondicije za vi\u0161e od dvadesetak minuta tr\u010danja. Ali zato za sedenje u hladovini i<br \/>\npijuckanje pi\u0107a sigurno imamo i vremena i snage. Ada, selo pored Beograda je Baranda. Nije bilo nekog specijalnog razloga<br \/>\n\u0161to smo oti\u0161li tamo, ali svakako ima simbolike posle gledanje serije Vrati\u0107e se rode gde grupica beogradskih padavi\u010dara<br \/>\ndolazi da proba ne\u0161to novo.<\/p>\n","protected":false},"excerpt":{"rendered":"Znate kako to ide. Neki mu\u0161karci vole da rastave tehniku po ku\u0107i i da je ponovo sastave. Da bi videli kako mehanizam funkcioni\u0161e. Ne\u0161to sli\u010dno smo i mi re\u0161ili da uradimo. Jedino \u0161to nismo rasklapali [&hellip;]","protected":false},"author":1,"featured_media":0,"parent":0,"menu_order":0,"comment_status":"closed","ping_status":"closed","template":"page-static.php","meta":{"_acf_changed":false,"_aioseop_title":"","_aioseop_description":"","footnotes":""},"class_list":["post-209","page","type-page","status-publish"],"acf":[],"_links":{"self":[{"href":"https:\/\/zlocinikazan.rs\/lat\/wp-json\/wp\/v2\/pages\/209","targetHints":{"allow":["GET"]}}],"collection":[{"href":"https:\/\/zlocinikazan.rs\/lat\/wp-json\/wp\/v2\/pages"}],"about":[{"href":"https:\/\/zlocinikazan.rs\/lat\/wp-json\/wp\/v2\/types\/page"}],"author":[{"embeddable":true,"href":"https:\/\/zlocinikazan.rs\/lat\/wp-json\/wp\/v2\/users\/1"}],"replies":[{"embeddable":true,"href":"https:\/\/zlocinikazan.rs\/lat\/wp-json\/wp\/v2\/comments?post=209"}],"version-history":[{"count":3,"href":"https:\/\/zlocinikazan.rs\/lat\/wp-json\/wp\/v2\/pages\/209\/revisions"}],"predecessor-version":[{"id":249,"href":"https:\/\/zlocinikazan.rs\/lat\/wp-json\/wp\/v2\/pages\/209\/revisions\/249"}],"wp:attachment":[{"href":"https:\/\/zlocinikazan.rs\/lat\/wp-json\/wp\/v2\/media?parent=209"}],"curies":[{"name":"wp","href":"https:\/\/api.w.org\/{rel}","templated":true}]}}